 11520 is divided by 2202.
510
What is the remainder when 90066 is divided by 99?
75
Calculate the remainder when 10935 is divided by 2732.
7
What is the remainder when 8625 is divided by 2?
1
What is the remainder when 5360 is divided by 5337?
23
Calculate the remainder when 149052 is divided by 882.
876
What is the remainder when 3034 is divided by 1000?
34
Calculate the remainder when 37271 is divided by 129.
119
What is the remainder when 18409 is divided by 145?
139
What is the remainder when 17640 is divided by 1361?
1308
Calculate the remainder when 1447 is divided by 1332.
115
What is the remainder when 1392 is divided by 695?
2
What is the remainder when 37965 is divided by 806?
83
Calculate the remainder when 6759 is divided by 106.
81
Calculate the remainder when 870546 is divided by 115.
111
What is the remainder when 15544 is divided by 971?
8
What is the remainder when 8792 is divided by 994?
840
What is the remainder when 2208 is divided by 1079?
50
Calculate the remainder when 4671 is divided by 1468.
267
Calculate the remainder when 7940547 is divided by 77.
76
What is the remainder when 12431 is divided by 244?
231
Calculate the remainder when 151954 is divided by 50556.
286
What is the remainder when 17404 is divided by 23?
16
What is the remainder when 535 is divided by 513?
22
What is the remainder when 18208 is divided by 628?
624
What is the remainder when 24033 is divided by 1092?
9
Calculate the remainder when 151095 is divided by 37771.
11
Calculate the remainder when 7838 is divided by 549.
152
Calculate the remainder when 4329 is divided by 192.
105
Calculate the remainder when 641 is divided by 55.
36
What is the remainder when 1081 is divided by 54?
1
What is the remainder when 10372 is divided by 1070?
742
What is the remainder when 5147 is divided by 1253?
135
Calculate the remainder when 5574 is divided by 39.
36
Calculate the remainder when 559389 is divided by 19.
10
Calculate the remainder when 1890 is divided by 397.
302
Calculate the remainder when 45285 is divided by 17.
14
Calculate the remainder when 564297 is divided by 5878.
9
What is the remainder when 23412 is divided by 136?
20
What is the remainder when 1597 is divided by 117?
76
Calculate the remainder when 5901 is divided by 589.
11
Calculate the remainder when 20684 is divided by 17.
12
What is the remainder when 6812 is divided by 143?
91
What is the remainder when 3225 is divided by 378?
201
What is the remainder when 187771 is divided by 9?
4
Calculate the remainder when 48390 is divided by 9677.
5
What is the remainder when 15942 is divided by 134?
130
What is the remainder when 6966 is divided by 13?
11
What is the remainder when 4548 is divided by 2258?
32
What is the remainder when 289535 is divided by 2083?
2081
Calculate the remainder when 44485 is divided by 536.
533
Calculate the remainder when 3894 is divided by 485.
14
What is the remainder when 10105 is divided by 13?
4
Calculate the remainder when 187458 is divided by 17.
16
What is the remainder when 12847 is divided by 30?
7
Calculate the remainder when 12285 is divided by 66.
9
Calculate the remainder when 8509 is divided by 2124.
13
What is the remainder when 2721 is divided by 1097?
527
Calculate the remainder when 1462 is divided by 13.
6
Calculate the remainder when 1890 is divided by 22.
20
What is the remainder when 685 is divided by 18?
1
What is the remainder when 571775 is divided by 134?
131
Calculate the remainder when 5625 is divided by 8.
1
Calculate the remainder when 797 is divided by 797.
0
Calculate the remainder when 30575 is divided by 827.
803
Calculate the remainder when 5417 is divided by 5412.
5
What is the remainder when 7336 is divided by 434?
392
What is the remainder when 28397 is divided by 32?
13
Calculate the remainder when 3904 is divided by 3868.
36
What is the remainder when 222134 is divided by 18?
14
What is the remainder when 422 is divided by 411?
11
Calculate the remainder when 1121 is divided by 453.
215
What is the remainder when 61238 is divided by 673?
668
Calculate the remainder when 690 is divided by 678.
12
What is the remainder when 2329 is divided by 489?
373
Calculate the remainder when 272629 is divided by 136307.
15
Calculate the remainder when 358 is divided by 75.
58
What is the remainder when 534 is divided by 490?
44
Calculate the remainder when 231947 is divided by 102.
101
What is the remainder when 3897 is divided by 1838?
221
What is the remainder when 49852 is divided by 55?
22
Calculate the remainder when 66549 is divided by 121.
120
What is the remainder when 27093 is divided by 23?
22
Calculate the remainder when 1156788 is divided by 821.
820
What is the remainder when 66707 is divided by 22214?
65
Calculate the remainder when 14956 is divided by 141.
10
What is the remainder when 242436 is divided by 22039?
7
Calculate the remainder when 369 is divided by 26.
5
What is the remainder when 1524 is divided by 169?
3
Calculate the remainder when 35525 is divided by 17746.
33
What is the remainder when 7870 is divided by 3?
1
Calculate the remainder when 714896 is divided by 10.
6
What is the remainder when 514 is divided by 345?
169
What is the remainder when 15870 is divided by 1442?
8
What is the remainder when 570 is divided by 36?
30
What is the remainder when 5991 is divided by 210?
111
What is the remainder when 380 is divided by 337?
43
Calculate the remainder when 59818 is divided by 167.
32
What is the remainder when 14793 is divided by 4926?
15
What is the remainder when 60 is divided by 57?
3
What is the remainder when 135657 is divided by 420?
417
What is the remainder when 73286 is divided by 127?
7
Calculate the remainder when 575 is divided by 168.
71
Calculate the remainder when 310 is divided by 284.
26
Calculate the remainder when 620357 is divided by 10.
7
What is the remainder when 10923 is divided by 909?
15
What is the remainder when 4027904 is divided by 105?
104
What is the remainder when 9796 is divided by 196?
192
Calculate the remainder when 48072 is divided by 23942.
188
What is the remainder when 1281 is divided by 316?
17
What is the remainder when 6765 is divided by 1134?
1095
Calculate the remainder when 15082 is divided by 1005.
7
What is the remainder when 688 is divided by 682?
6
What is the remainder when 25227 is divided by 85?
67
Calculate the remainder when 165273 is divided by 163.
154
What is the remainder when 11975 is divided by 11749?
226
What is the remainder when 63669 is divided by 12?
9
What is the remainder when 22741 is divided by 400?
341
What is the remainder when 7907 is divided by 1223?
569
Calculate the remainder when 25349 is divided by 195.
194
Calculate the remainder when 367783 is divided by 73.
9
What is the remainder when 2472 is divided by 99?
96
What is the remainder when 184535 is divided by 264?
263
What is the remainder when 1865918 is divided by 1960?
1958
Calculate the remainder when 152657 is divided by 76317.
23
Calculate the remainder when 379077 is divided by 39.
36
Calculate the remainder when 38489 is divided by 74.
9
Calculate the remainder when 30122 is divided by 30087.
35
What is the remainder when 1710939 is divided by 13?
9
What is the remainder when 63992 is divided by 6?
2
Calculate the remainder when 152479 is divided by 160.
159
Calculate the remainder when 684143 is divided by 49.
5
Calculate the remainder when 64904 is divided by 1047.
1037
What is the remainder when 85830 is divided by 297?
294
What is the remainder when 1298 is divided by 55?
33
Calculate the remainder when 4340 is divided by 2165.
10
What is the remainder when 1065957 is divided by 705?
702
Calculate the remainder when 3663035 is divided by 37.
35
Calculate the remainder when 199931 is divided by 170.
11
What is the remainder when 70565 is divided by 35280?
5
What is the remainder when 945970 is divided by 114?
112
Calculate the remainder when 10020 is divided by 1013.
903
Calculate the remainder when 5383 is divided by 2669.
45
What is the remainder when 2716314 is divided by 20?
14
Calculate the remainder when 934 is divided by 34.
16
What is the remainder when 19102 is divided by 281?
275
What is the remainder when 1007481 is divided by 354?
351
Calculate 